nd z?
10
Suppose -4*l - 168 = -5*d, 2*d - 363*l = -359*l + 60. Let y = -5 + 8. Suppose 0*a + d = y*a. What is the highest common divisor of a and 6?
6
Let z(q) = 3*q**3 + 43*q**2 + 130*q - 10. Let y be z(-5). Let i be 1 - (-8 - 0 - -1). What is the highest common divisor of i and y?
8
Let n(o) = o**3 - 2*o**2 - 2*o + 356. Let a be n(0). Let t = a - 335. Calculate the highest common divisor of 6 and t.
3
Let q be (0 - 1)/((-4)/140). Let z(t) = 45*t**3 + 5*t**2 + 16*t - 13. Let i be z(3). Calculate the greatest common divisor of i and q.
35
Let p(u) = 3*u**3 + 48*u**2 - 42*u + 21. Let t be p(-15). What is the highest common divisor of t and 85?
17
Suppose -3*d + 6 = -0, -4*o - 2*d = -884. Calculate the greatest common factor of o and 264.
44
Let h = -82 - -192. Suppose -h = -10*y + 160. Calculate the highest common divisor of y and 135.
27
Suppose -2*j + 87802 = -3*y, 113*y - 175610 = -4*j + 118*y. Calculate the highest common divisor of 10 and j.
10
Let q be (5 - (-8241)/3)*(-6)/(-12). Calculate the greatest common divisor of 129 and q.
43
Let x be (-26)/(-143)*(-4)/8 + 4842/22. What is the highest common divisor of x and 85?
5
Let a be (-16)/(-10) + (-4)/(-10). Suppose 0 = l - a*l + 44. Let d be 20 - 9*1/1. Calculate the greatest common factor of d and l.
11
Let r be 22/((10/6)/(-100*(-31)/3720)). Let l = 61 - -27. What is the greatest common divisor of r and l?
11
Let u = 22 + -7. Suppose -2*h + 0*d = -d + 48, h + 3*d + 24 = 0. Let o = h - -39. Calculate the highest common divisor of u and o.
15
Let u(t) = t**2 - 2*t - 1. Let d be u(-1). Suppose -5 - 9 = -d*z. Let i be (-284)/(-12) + 16/(-6). What is the greatest common factor of i and z?
7
Suppose -4*s = -184 - 320. Suppose 2*l = -2, -251*i + 249*i + 5*l = -185. Calculate the highest common divisor of i and s.
18
Let v = 485 + -428. Suppose -63 = -10*f + v. Let d be (54/(-21))/(2/(-28)). Calculate the highest common factor of d and f.
12
Let d be 2/4 - (2 + (-72250)/20). What is the highest common factor of d and 471?
157
Suppose 3*g - 6 = 72. Let d(t) = -t**3 + 17*t**2 + 32*t + 43. Let y be d(18). Suppose y - 283 = 3*o. What is the greatest common divisor of o and g?
2
Suppose 0 = -5*t + 3*k + 14978, 16 = -2*k + 4. Calculate the greatest common divisor of t and 1936.
176
Suppose 15*z - 9*z = 24. Let b be (z - 0) + 21 + -20. What is the highest common factor of b and 3?
1
Let x(m) = -204*m + 1290. Let i be x(6). Calculate the highest common divisor of 88 and i.
22
Let k be (-39)/(17901/(-34)) - ((-3153)/81 + -3). Calculate the highest common divisor of 43638 and k.
42
Suppose -70*r - 2803 = -75*r + a, -6 = 2*a. What is the greatest common divisor of r and 14?
14
Let j(q) be the third derivative of 7*q**6/60 - q**5/60 - q**4/8 + q**3/3 - 116*q**2. Let w be j(1). What is the highest common factor of w and 156?
12
Let l = 2405 - 2100. What is the highest common factor of 122 and l?
61
Let w = -263 - -266. Let s be (w/(-2))/(27/(-900)). Calculate the greatest common divisor of s and 75.
25
Let m(o) = 79*o + 2809. Let h be m(-35). Calculate the highest common divisor of h and 25.
1
Suppose -3*d = -19 + 1. Let b be (-12)/(-2 - 1) + d/(-6). Suppose -y = -b*y + 28. What is the greatest common factor of 154 and y?
14
Suppose f + 55 = 5*m, 10*f = 11*f + 10. Suppose 4*w - 35 = -k, 5*w = -5*k + w + 239. What is the greatest common divisor of k and m?
3
Let j = 101 + 58. Suppose 3*x + 5*f - 770 = 0, -16 = -2*f - 26. Calculate the highest common divisor of x and j.
53
Let t be 61/(17568/47856) + (-7)/6. Calculate the highest common divisor of 44 and t.
11
Let n(i) = -3*i - 20. Let m(q) = 3*q + 31 + 5*q - 8 + 31. Let r be m(-8). Let x be n(r). What is the highest common divisor of x and 80?
10
Suppose -2*i = 5 - 17. Let s = -1705 + 1764. Suppose -s*w = -50*w - 135. What is the greatest common divisor of w and i?
3
Suppose 2*m + 3 = 2*j + 1, 2*m = 3*j - 7. Suppose 0 = -l - 63*l + 2262 - 982. Calculate the highest common divisor of l and j.
5
Let z be ((-2)/1)/(-2) - (-2 - (-25 + 25)). What is the greatest common divisor of 4 and z?
1
Suppose 0 = 3*u + 212 - 224. Suppose 9*d - 3*f + 82 = 11*d, 4*d = -u*f + 168. Calculate the greatest common factor of d and 8.
4
Let m = -6 - -4. Let f be 48 - ((-10)/5 - m). Let d be (36/(-48))/((-2)/f). What is the greatest common divisor of 6 and d?
6
Suppose -64*b + 58*b - 45*b + 510 = 0. What is the highest common divisor of b and 1315?
5
Let m be (-3)/(4 - 58/14). Suppose 2*v + 6*v + 8 = 0. Let q be -1 + 252 + (-8)/(v - 7). What is the highest common divisor of m and q?
21
Let q(k) = 3*k + 16. Let n be q(6). Suppose -n = -2*o - 28. Calculate the highest common divisor of o and 12.
3
Let o(y) = -32*y + 15 - 2 - 11 + 105. Let f be o(3). Let z(l) = l**2 - 4*l + 6. Let d be z(5). What is the greatest common factor of d and f?
11
Let d be 2303/(-282) + 9 + 12847/(-12)*-2. What is the highest common factor of 3094 and d?
238
Let f(r) = -2*r**3 - 22*r**2 - 62*r - 384. Let o be f(-14). Calculate the highest common divisor of 40 and o.
20
Suppose 1647 = 36678*r - 36675*r. Calculate the highest common factor of r and 36.
9
Suppose -a - 33 = -2*n, -10*n = -11*n - 4*a - 6. What is the highest common factor of 4354 and n?
14
Let l(b) = -20*b**2 - 64 + 19*b**2 - 84 + 12 - 25*b. Let d be l(-16). Calculate the greatest common divisor of d and 72.
8
Let i be 1 - -17*(2 + -1). Let g be 148/i - 2/9. Suppose 0 = 2*a - 20, -37*k + 5*a - 130 = -41*k. What is the greatest common factor of k and g?
4
Let u be (182/(-8))/(-7)*64. Suppose 0 = 3*a + 12, -2*m + 3 = -5*a - 43. Calculate the greatest common factor of u and m.
13
Suppose -5*u + 23 = -62. Let k = 26 - u. Let m be 2/k - (538/(-9) + 4). What is the highest common factor of m and 140?
28
Suppose -a = -2*a - 2*a. Suppose a = -3*z + 3*j + 2*j + 108, -3*j + 84 = 3*z. What is the greatest common divisor of z and 1?
1
Let c be 230/46 - 1*(0 + 1). Suppose c*a - 325 = -3*y + 9*a, -4*y = -5*a - 430. What is the highest common divisor of 21 and y?
21
Suppose r - 3*r = -180. Let t be -14*3*2/4*-1. Suppose -w = j - 18, 4*j - 3*w - t - 51 = 0. What is the greatest common factor of j and r?
18
Suppose 11*c = 23*c - 1212. Let d = 109 + c. Calculate the highest common factor of d and 126.
42
Let i(a) = a + 55. Let t be i(0). Let g(k) = -k**2 + 58*k - 727. Let r be g(27). Calculate the highest common factor of r and t.
55
Let y(t) = -18*t**3 - 6*t**2 - 2*t - 1. Let s(f) = -f**3 + f**2. Let i(n) = 4*s(n) + y(n). Let q be i(-1). Calculate the highest common factor of q and 49.
7
Let c = 25 - 19. Suppose -2*v = i - 222 + c, -i - 4*v + 224 = 0. What is the greatest common factor of i and 13?
13
Suppose 0 = 2*n + 24*n - 0*n. Suppose n = -4*x + 393 + 487. What is the greatest common factor of x and 20?
20
Let c be ((-54110)/15)/(-7) - 4/(-6). Suppose -5*p + c = -254. Calculate the greatest common divisor of 42 and p.
14
Let n(p) = -p**2 + 40*p + 132. Let z be n(15). What is the greatest common factor of 12 and z?
3
Let u be 4/(-18) - 168/(-27). Let j(s) = s**3 + 27*s**2 - 28*s + 12. Let k be j(-28). Let h = 3 + k. Calculate the highest common divisor of u and h.
3
Let w be (-5)/10 + (105/(-10))/(-7). Let c be ((-2)/(-3)*-4)/((-3)/72). Calculate the highest common divisor of c and w.
1
Let s be 0 + 1 + 12/1. Let g be 35 + 3450/(-350) + (-12)/(-14). What is the greatest common factor of s and g?
13
Let n = 371 + -250. Suppose -5*q - n = 5*u - 821, 5*u = 25. Calculate the greatest common divisor of q and 90.
45
Let z = 6 + -4. Let l be (-4 - (-36)/9) + (-21)/(-1). Suppose 74 = l*w - 10. Calculate the highest common factor of w and z.
2
Suppose -8*m - 360 = m. Let c be (-2)/(-10) - -972*(-36)/m. Let k = -622 + c. Calculate the greatest common factor of k and 23.
23
Suppose 32604 = 2823*z - 2801*z. What is the greatest common factor of z and 18?
6
Suppose -3*p + 11 + 16 = 0. Let t be 6/p*48 + -2. Let a = -24 - -114. What is the greatest common divisor of t and a?
30
Let m = 117 + -81. Let d = 66 - 51. Suppose -d = -2*z - z, 4*x - z - 43 = 0. Calculate the greatest common factor of m and x.
12
Suppose -1188 = 17*a - 50*a. Calculate the highest common divisor of a and 171.
9
Let d be (9 - -1)*12/24. Suppose o + d*v = -0*v + 59, -v + 127 = 2*o. Let l be (-5 + 85/2